s of 3391695?
3, 5, 23, 29, 113
What are the prime factors of 576031?
576031
List the prime factors of 1551220.
2, 5, 11, 641
List the prime factors of 10391670.
2, 3, 5, 19, 59, 103
List the prime factors of 2865119.
269, 10651
List the prime factors of 423539.
37, 11447
What are the prime factors of 3463813?
773, 4481
List the prime factors of 317914.
2, 41, 3877
List the prime factors of 101693.
101693
What are the prime factors of 11100354?
2, 3, 17, 108827
List the prime factors of 3352078.
2, 41, 40879
List the prime factors of 154077.
3, 7, 11, 23, 29
What are the prime factors of 1005560?
2, 5, 23, 1093
List the prime factors of 1628539.
11, 43, 313
List the prime factors of 379885.
5, 11, 6907
What are the prime factors of 404184?
2, 3, 11, 1531
List the prime factors of 265841.
265841
List the prime factors of 1044347.
1044347
List the prime factors of 13190666.
2, 6595333
What are the prime factors of 541295?
5, 73, 1483
List the prime factors of 58418.
2, 29209
List the prime factors of 4045742.
2, 167, 12113
List the prime factors of 217543.
83, 2621
What are the prime factors of 37822775?
5, 89, 191
What are the prime factors of 815623?
815623
List the prime factors of 6676.
2, 1669
What are the prime factors of 629581?
61, 10321
List the prime factors of 2459272.
2, 307409
List the prime factors of 6997137.
3, 7, 333197
List the prime factors of 12217956.
2, 3, 59, 17257
List the prime factors of 2152221.
3, 233, 3079
What are the prime factors of 33094246?
2, 16547123
What are the prime factors of 966044?
2, 241511
List the prime factors of 466098.
2, 3, 131, 593
List the prime factors of 3765.
3, 5, 251
What are the prime factors of 368133?
3, 277, 443
List the prime factors of 2280117.
3, 7, 15511
List the prime factors of 1756289.
101, 17389
What are the prime factors of 1019636?
2, 23, 11083
What are the prime factors of 6309335?
5, 79, 15973
List the prime factors of 1366604.
2, 31, 103, 107
What are the prime factors of 240133?
439, 547
What are the prime factors of 13391871?
3, 41, 108877
List the prime factors of 118810.
2, 5, 109
What are the prime factors of 1714478?
2, 73, 11743
List the prime factors of 2383424.
2, 167, 223
List the prime factors of 5593464.
2, 3, 77687
What are the prime factors of 465499?
53, 8783
What are the prime factors of 1327386?
2, 3, 197, 1123
List the prime factors of 2503713.
3, 834571
List the prime factors of 18663675.
3, 5, 29, 8581
List the prime factors of 6909697.
601, 11497
What are the prime factors of 291475?
5, 89, 131
List the prime factors of 183620.
2, 5, 9181
What are the prime factors of 22242016?
2, 113, 6151
List the prime factors of 60841.
11, 5531
What are the prime factors of 27821?
43, 647
List the prime factors of 6837903.
3, 43, 17669
List the prime factors of 242231.
11, 19, 61
List the prime factors of 1200125.
5, 9601
List the prime factors of 12108118.
2, 11, 550369
What are the prime factors of 466217?
127, 3671
List the prime factors of 442323.
3, 7, 17, 59
What are the prime factors of 15414325?
5, 17, 36269
What are the prime factors of 194000?
2, 5, 97
What are the prime factors of 679498?
2, 339749
List the prime factors of 5160657.
3, 1720219
List the prime factors of 3103249.
41, 75689
List the prime factors of 1716179.
313, 5483
List the prime factors of 557787.
3, 17, 10937
List the prime factors of 950522.
2, 31, 15331
What are the prime factors of 664601?
7, 19, 263
List the prime factors of 791111.
791111
What are the prime factors of 313595?
5, 19, 3301
What are the prime factors of 32931127?
32931127
What are the prime factors of 1238618?
2, 619309
What are the prime factors of 4008366?
2, 3, 109, 227
What are the prime factors of 65590?
2, 5, 7, 937
List the prime factors of 2044568.
2, 255571
List the prime factors of 408141.
3, 101, 449
What are the prime factors of 188496?
2, 3, 7, 11, 17
List the prime factors of 222057.
3, 11, 2243
What are the prime factors of 2016356?
2, 19, 43, 617
What are the prime factors of 603552?
2, 3, 6287
What are the prime factors of 1046493?
3, 7, 113
List the prime factors of 197559.
3, 271
List the prime factors of 4849508.
2, 113, 10729
What are the prime factors of 1333907?
47, 101, 281
List the prime factors of 363801.
3, 121267
What are the prime factors of 10586356?
2, 11, 240599
What are the prime factors of 200372?
2, 50093
What are the prime factors of 16932290?
2, 5, 653, 2593
What are the prime factors of 368592?
2, 3, 7, 1097
List the prime factors of 13801484.
2, 17, 11939
List the prime factors of 5767988.
2, 509, 2833
What are the prime factors of 13351768?
2, 1668971
List the prime factors of 75564.
2, 3, 2099
What are the prime factors of 39779?
39779
List the prime factors of 161147.
7, 23021
What are the prime factors of 4669400?
2, 5, 37, 631
What are the prime factors of 2194641?
3, 81283
What are the prime factors of 385297?
11, 35027
What are the prime factors of 1015719?
3, 338573
What are the prime factors of 201263?
17, 11839
List the prime factors of 92911.
7, 13, 1021
List the prime factors of 3315839.
53, 62563
List the prime factors of 12873.
3, 7, 613
What are the prime factors of 11261029?
13, 31, 27943
What are the prime factors of 7164342?
2, 3, 181, 733
List the prime factors of 6488578.
2, 41, 53, 1493
What are the prime factors of 9610?
2, 5, 31
What are the prime factors of 12483319?
23, 37, 14669
What are the prime factors of 3902725?
5, 156109
What are the prime factors of 12632313?
3, 23, 29, 59, 107
List the prime factors of 3820.
2, 5, 191
What are the prime factors of 236557?
229, 1033
List the prime factors of 1454615.
5, 290923
List the prime factors of 6313324.
2, 17, 227, 409
What are the prime factors of 5839785?
3, 5, 7, 18539
What are the prime factors of 653726?
2, 326863
What are the prime factors of 24505816?
2, 109, 157, 179
What are the prime factors of 491663?
19, 113, 229
What are the prime factors of 6248387?
23, 317, 857
List the prime factors of 3108332.
2, 853, 911
List the prime factors of 327757.
327757
List the prime factors of 694206.
2, 3, 38567
List the prime factors of 258306.
2, 3, 43051
What are the prime factors of 3642993?
3, 23, 17599
List the prime factors of 1763050.
2, 5, 37, 953
List the prime factors of 1371549.
3, 457183
What are the prime factors of 526962?
2, 3, 71, 1237
What are the prime factors of 9741141?
3, 40087
List the prime factors of 333439.
333439
What are the prime factors of 34117048?
2, 7, 609233
What are the prime factors of 154895?
5, 13, 2383
List the prime factors of 13769920.
2, 5, 37, 1163
What are the prime factors of 748338?
2, 3, 191, 653
List the prime factors of 9531449.
9531449
What are the prime factors of 184407?
3, 61469
What are the prime factors of 849995?
5, 47, 3617
What are the prime factors of 7682330?
2, 5, 379, 2027
What are the prime factors of 1410350?
2, 5, 67, 421
List the prime factors of 12454082.
2, 19, 327739
List the prime factors of 693368.
2, 13, 59, 113
List the prime factors of 194727.
3, 13, 4993
What are the prime factors of 1204287?
3, 7, 57347
List the prime factors of 1455088.
2, 199, 457
List the prime factors of 288865.
5, 57773
What are the prime factors of 1459464?
2, 3, 60811
List the prime factors of 21573861.
3, 31, 229, 1013
List the prime factors of 288636.
2, 3, 67, 359
List the prime factors of 33675637.
41, 163, 5039
List the prime factors of 70181.
70181
What are the prime factors of 11877165?
3, 5, 97, 907
List the prime factors of 2098977.
3, 137, 5107
List the prime factors of 3145123.
3145123
List the prime factors of 432851.
53, 8167
What are the prime factors of 3155474?
2, 7, 263, 857
List the prime factors of 2176184.
2, 19, 103, 139
What are the prime factors of 10349013?
3, 59, 991
What are the prime factors of 147729?
3, 23, 2141
List the prime factors of 983604.
2, 3, 81967
What are the prime factors of 88714?
2, 44357
List the prime factors of 220451.
7, 11, 409
List the prime factors of 132318.
2, 3, 7351
What are the prime factors of 38361?
3, 19, 673
List the prime factors of 92658.
2, 3, 15443
What are the prime factors of 369300?
2, 3, 5, 1231
What are the prime factors of 11500763?
277, 41519
List the prime factors of 3188903.
19, 47, 3571